e the highest common factor of 207 and 9676215.
207
What is the greatest common factor of 43220 and 1065560?
20
What is the highest common divisor of 12411 and 478380?
21
What is the greatest common divisor of 275472043 and 205513?
12089
Calculate the greatest common divisor of 14028968 and 20678.
422
What is the greatest common divisor of 12274122 and 84?
42
What is the highest common factor of 590 and 197390?
10
What is the greatest common factor of 54960 and 619445?
1145
What is the highest common factor of 1716213 and 209?
19
What is the highest common divisor of 25 and 123551925?
25
Calculate the greatest common factor of 46866083 and 15133.
409
Calculate the greatest common factor of 1910836 and 6070.
1214
What is the greatest common divisor of 11838 and 101454?
6
Calculate the greatest common divisor of 165 and 140377930.
55
Calculate the greatest common divisor of 8701 and 116543567.
791
Calculate the greatest common factor of 934518 and 16887.
39
Calculate the greatest common factor of 600 and 30882840.
120
What is the highest common divisor of 23472 and 801?
9
Calculate the highest common factor of 2708838 and 1188.
198
What is the greatest common factor of 5005 and 116389?
91
What is the greatest common divisor of 112720 and 47840?
80
What is the highest common divisor of 9727711 and 91?
7
What is the highest common divisor of 1775 and 1902275?
25
Calculate the greatest common factor of 320 and 70421200.
80
Calculate the greatest common divisor of 146863 and 10398441.
901
What is the greatest common factor of 389980156 and 53296?
13324
What is the highest common divisor of 215874206 and 74?
74
What is the greatest common divisor of 6718480 and 7969?
613
What is the highest common factor of 48124746 and 294?
6
What is the greatest common divisor of 1496 and 10970950?
34
What is the greatest common divisor of 20792808 and 1656?
72
Calculate the greatest common factor of 362180 and 988624.
364
Calculate the highest common divisor of 480018 and 1298913.
231
Calculate the greatest common divisor of 627891 and 32065.
583
Calculate the greatest common divisor of 836266 and 2984.
746
Calculate the greatest common factor of 120 and 1285805280.
120
Calculate the greatest common divisor of 346161585 and 11204.
2801
Calculate the highest common divisor of 3472356 and 4232.
2116
What is the highest common divisor of 76976 and 210256?
272
What is the greatest common divisor of 1336 and 27368461?
167
What is the highest common divisor of 12488 and 35336?
56
Calculate the greatest common divisor of 51725856 and 217.
217
Calculate the greatest common divisor of 432 and 2438064.
144
Calculate the highest common divisor of 750 and 127110.
30
What is the highest common factor of 9310 and 150535?
35
What is the greatest common divisor of 18 and 974466738?
18
What is the highest common divisor of 26576 and 3207391?
1661
What is the highest common divisor of 305899090 and 2140?
1070
Calculate the highest common divisor of 1110 and 629670.
30
Calculate the highest common divisor of 233859090 and 426.
426
What is the greatest common divisor of 2781 and 574533?
27
Calculate the highest common divisor of 2567 and 175134.
17
Calculate the greatest common factor of 113886 and 607466.
74
Calculate the highest common factor of 87909 and 128.
1
What is the highest common factor of 6492 and 18489?
3
What is the greatest common divisor of 92 and 46223908?
4
What is the greatest common factor of 178223680 and 4168?
4168
Calculate the highest common divisor of 130688 and 129667.
1021
Calculate the greatest common factor of 20667792 and 78.
6
What is the highest common divisor of 145882 and 6413?
11
Calculate the highest common divisor of 9579712 and 4816.
688
What is the highest common factor of 41931 and 1026533?
1553
What is the highest common factor of 13840 and 23098095?
865
Calculate the greatest common divisor of 18647 and 739007.
29
What is the greatest common divisor of 636 and 587078244?
636
What is the greatest common divisor of 315 and 31145555?
35
What is the greatest common divisor of 1121974854 and 98?
98
Calculate the highest common divisor of 135 and 81338769.
27
What is the highest common divisor of 19979576 and 88?
8
What is the greatest common divisor of 868396 and 4148?
244
What is the highest common factor of 34171105 and 39338?
1513
Calculate the greatest common divisor of 12 and 4687698.
6
What is the greatest common factor of 7811642 and 58869?
211
Calculate the greatest common factor of 11900 and 98396.
68
Calculate the highest common divisor of 568 and 109632662.
142
What is the highest common factor of 18101 and 3818?
23
What is the greatest common divisor of 90364 and 54796?
76
What is the greatest common factor of 1230 and 125600835?
615
What is the highest common factor of 228786690 and 824?
206
What is the highest common factor of 28 and 7417018?
14
What is the greatest common divisor of 1872072 and 9288?
216
What is the highest common factor of 7080 and 6151320?
120
Calculate the greatest common factor of 962010 and 100170.
1890
What is the highest common divisor of 1060 and 335680?
20
Calculate the highest common factor of 2400165 and 819720.
3105
Calculate the highest common factor of 83985 and 1903.
11
Calculate the highest common divisor of 9576 and 12619992.
168
What is the greatest common divisor of 63 and 95135523?
21
Calculate the greatest common divisor of 198985249 and 35185.
7037
What is the highest common divisor of 1462241843 and 49641?
16547
Calculate the greatest common divisor of 1162197662 and 38.
38
What is the greatest common factor of 20568389 and 3412?
853
What is the greatest common divisor of 3598759 and 3968?
31
What is the greatest common divisor of 1953 and 10609347?
651
Calculate the greatest common divisor of 3152826 and 129078.
1278
What is the highest common factor of 7208 and 6044650?
106
Calculate the greatest common factor of 39620259 and 1701.
567
What is the greatest common divisor of 241808 and 77826?
238
Calculate the highest common divisor of 9880 and 83875480.
520
Calculate the greatest common factor of 7597 and 46363.
71
What is the greatest common divisor of 72 and 4074012?
36
What is the highest common divisor of 9028 and 2886296?
148
Calculate the greatest common divisor of 17290 and 210446964.
3458
What is the greatest common divisor of 8862236 and 57664?
3604
Calculate the greatest common factor of 21 and 2092954857.
21
What is the greatest common factor of 282 and 7309299?
141
What is the highest common factor of 20986357 and 64925?
2597
Calculate the greatest common divisor of 528710415 and 1245.
1245
What is the greatest common divisor of 856143 and 11097?
27
What is the greatest common factor of 434165854 and 1454?
1454
Calculate the highest common divisor of 717786 and 21546.
18
Calculate the highest common factor of 54351 and 1410381.
549
Calculate the greatest common factor of 535007420 and 740.
740
Calculate the greatest common divisor of 58008505 and 6235.
215
What is the highest common divisor of 16065083 and 50182?
2281
Calculate the highest common divisor of 187 and 799544.
17
Calculate the highest common divisor of 401990 and 7730.
10
Calculate the greatest common factor of 42372 and 1123056.
396
Calculate the greatest common factor of 152 and 35600148.
76
Calculate the greatest common divisor of 200 and 410744.
8
Calculate the highest common factor of 16 and 16877568.
16
What is the greatest common factor of 201 and 45664989?
201
What is the greatest common factor of 1174543 and 1379074?
863
What is the greatest common divisor of 267 and 19939204?
89
What is the greatest common factor of 10847676 and 168?
84
Calculate the highest common factor of 5369953 and 146.
73
Calculate the highest common divisor of 18962 and 25574.
38
Calculate the greatest common divisor of 466 and 898094.
2
Calculate the greatest common factor of 2493 and 358038.
9
What is the greatest common factor of 10535 and 5361090?
245
What is the greatest common divisor of 90004630 and 850?
170
Calculate the greatest common factor of 5857632 and 480.
96
Calculate the greatest common factor of 3228083 and 11556.
107
What is the greatest common divisor of 1398336 and 18240?
192
What is the highest common divis